{"version":"1.0","provider_name":"TEFE","provider_url":"https:\/\/www.snutefifsu.fr\/tefe","author_name":"SNU","author_url":"https:\/\/www.snutefifsu.fr\/tefe\/author\/snu\/","title":"Le gouvernement s\u2019obstine - TEFE","type":"rich","width":600,"height":338,"html":"<blockquote class=\"wp-embedded-content\" data-secret=\"UBKRjnPphf\"><a href=\"https:\/\/www.snutefifsu.fr\/tefe\/le-gouvernement-sobstine\/\">Le gouvernement s\u2019obstine<\/a><\/blockquote><iframe sandbox=\"allow-scripts\" security=\"restricted\" src=\"https:\/\/www.snutefifsu.fr\/tefe\/le-gouvernement-sobstine\/embed\/#?secret=UBKRjnPphf\" width=\"600\" height=\"338\" title=\"\u00ab\u00a0Le gouvernement s\u2019obstine\u00a0\u00bb &#8212; TEFE\" data-secret=\"UBKRjnPphf\" frameborder=\"0\" marginwidth=\"0\" marginheight=\"0\" scrolling=\"no\" class=\"wp-embedded-content\"><\/iframe><script type=\"text\/javascript\">\n\/* <![CDATA[ *\/\n\/*! This file is auto-generated *\/\n!function(d,l){\"use strict\";l.querySelector&&d.addEventListener&&\"undefined\"!=typeof URL&&(d.wp=d.wp||{},d.wp.receiveEmbedMessage||(d.wp.receiveEmbedMessage=function(e){var t=e.data;if((t||t.secret||t.message||t.value)&&!\/[^a-zA-Z0-9]\/.test(t.secret)){for(var s,r,n,a=l.querySelectorAll('iframe[data-secret=\"'+t.secret+'\"]'),o=l.querySelectorAll('blockquote[data-secret=\"'+t.secret+'\"]'),c=new RegExp(\"^https?:$\",\"i\"),i=0;i<o.length;i++)o[i].style.display=\"none\";for(i=0;i<a.length;i++)s=a[i],e.source===s.contentWindow&&(s.removeAttribute(\"style\"),\"height\"===t.message?(1e3<(r=parseInt(t.value,10))?r=1e3:~~r<200&&(r=200),s.height=r):\"link\"===t.message&&(r=new URL(s.getAttribute(\"src\")),n=new URL(t.value),c.test(n.protocol))&&n.host===r.host&&l.activeElement===s&&(d.top.location.href=t.value))}},d.addEventListener(\"message\",d.wp.receiveEmbedMessage,!1),l.addEventListener(\"DOMContentLoaded\",function(){for(var e,t,s=l.querySelectorAll(\"iframe.wp-embedded-content\"),r=0;r<s.length;r++)(t=(e=s[r]).getAttribute(\"data-secret\"))||(t=Math.random().toString(36).substring(2,12),e.src+=\"#?secret=\"+t,e.setAttribute(\"data-secret\",t)),e.contentWindow.postMessage({message:\"ready\",secret:t},\"*\")},!1)))}(window,document);\n\/* ]]> *\/\n<\/script>\n","thumbnail_url":"https:\/\/www.snutefifsu.fr\/tefe\/wp-content\/uploads\/sites\/2\/2014\/09\/FSUpublications.png","thumbnail_width":600,"thumbnail_height":600,"description":"Dans un contexte de mobilisations historiques, les annonces du Premier ministre confirment que le gouvernement maintient son choix d\u2019une retraite universelle par points ainsi que son calendrier d\u2019\u00e9laboration d\u2019un projet de loi. Il n\u2019a donc pas pris la mesure des revendications et de la col\u00e8re exprim\u00e9es massivement depuis plusieurs jours dans les gr\u00e8ves et manifestations comme le 5 d\u00e9cembre dernier."}

Dans un contexte de mobilisations historiques, les annonces du Premier ministre confirment que le gouvernement maintient son choix d’une retraite universelle par points ainsi que son calendrier d’élaboration d’un projet de loi. Il n’a donc pas pris la mesure des revendications et de la colère exprimées massivement depuis plusieurs jours dans les grèves et manifestations comme le 5 décembre dernier.
