{"version":"1.0","provider_name":"TEFE","provider_url":"https:\/\/www.snutefifsu.fr\/tefe","author_name":"Dominique","author_url":"https:\/\/www.snutefifsu.fr\/tefe\/author\/dominique\/","title":"Les retrait\u00e9(e)s montent au cr\u00e9neau - TEFE","type":"rich","width":600,"height":338,"html":"<blockquote class=\"wp-embedded-content\" data-secret=\"7pDYfuG0Ar\"><a href=\"https:\/\/www.snutefifsu.fr\/tefe\/les-retraitees-montent-au-creneau\/\">Les retrait\u00e9(e)s montent au cr\u00e9neau<\/a><\/blockquote><iframe sandbox=\"allow-scripts\" security=\"restricted\" src=\"https:\/\/www.snutefifsu.fr\/tefe\/les-retraitees-montent-au-creneau\/embed\/#?secret=7pDYfuG0Ar\" width=\"600\" height=\"338\" title=\"\u00ab\u00a0Les retrait\u00e9(e)s montent au cr\u00e9neau\u00a0\u00bb &#8212; TEFE\" data-secret=\"7pDYfuG0Ar\" frameborder=\"0\" marginwidth=\"0\" marginheight=\"0\" scrolling=\"no\" class=\"wp-embedded-content\"><\/iframe><script type=\"text\/javascript\">\n\/* <![CDATA[ *\/\n\/*! This file is auto-generated *\/\n!function(d,l){\"use strict\";l.querySelector&&d.addEventListener&&\"undefined\"!=typeof URL&&(d.wp=d.wp||{},d.wp.receiveEmbedMessage||(d.wp.receiveEmbedMessage=function(e){var t=e.data;if((t||t.secret||t.message||t.value)&&!\/[^a-zA-Z0-9]\/.test(t.secret)){for(var s,r,n,a=l.querySelectorAll('iframe[data-secret=\"'+t.secret+'\"]'),o=l.querySelectorAll('blockquote[data-secret=\"'+t.secret+'\"]'),c=new RegExp(\"^https?:$\",\"i\"),i=0;i<o.length;i++)o[i].style.display=\"none\";for(i=0;i<a.length;i++)s=a[i],e.source===s.contentWindow&&(s.removeAttribute(\"style\"),\"height\"===t.message?(1e3<(r=parseInt(t.value,10))?r=1e3:~~r<200&&(r=200),s.height=r):\"link\"===t.message&&(r=new URL(s.getAttribute(\"src\")),n=new URL(t.value),c.test(n.protocol))&&n.host===r.host&&l.activeElement===s&&(d.top.location.href=t.value))}},d.addEventListener(\"message\",d.wp.receiveEmbedMessage,!1),l.addEventListener(\"DOMContentLoaded\",function(){for(var e,t,s=l.querySelectorAll(\"iframe.wp-embedded-content\"),r=0;r<s.length;r++)(t=(e=s[r]).getAttribute(\"data-secret\"))||(t=Math.random().toString(36).substring(2,12),e.src+=\"#?secret=\"+t,e.setAttribute(\"data-secret\",t)),e.contentWindow.postMessage({message:\"ready\",secret:t},\"*\")},!1)))}(window,document);\n\/* ]]> *\/\n<\/script>\n","thumbnail_url":"https:\/\/www.snutefifsu.fr\/tefe\/wp-content\/uploads\/sites\/2\/2022\/04\/LOGO_FSU.png","thumbnail_width":206,"thumbnail_height":200,"description":"Les 9 organisations syndicales de retrait\u00e9(e)s ont pris connaissance de la d\u00e9cision du gouvernement de ne pas revaloriser au 1er janvier 2025 les retraites de base, comme le code de la S\u00e9curit\u00e9 sociale l\u2019y oblige, et de la reporter au 1er juillet 2025, sans aucune garantie qu\u2019elle aura lieu, tant les pressions se multiplient pour [&hellip;]"}

Les retraité(e)s montent au créneau - TEFE

<blockquote class="wp-embedded-content" data-secret="7pDYfuG0Ar"><a href="https://www.snutefifsu.fr/tefe/les-retraitees-montent-au-creneau/">Les retraité(e)s montent au créneau</a></blockquote><iframe sandbox="allow-scripts" security="restricted" src="https://www.snutefifsu.fr/tefe/les-retraitees-montent-au-creneau/embed/#?secret=7pDYfuG0Ar" width="600" height="338" title="« Les retraité(e)s montent au créneau » &#8212; TEFE" data-secret="7pDYfuG0Ar" frameborder="0" marginwidth="0" marginheight="0" scrolling="no" class="wp-embedded-content"></iframe><script type="text/javascript">
/* <![CDATA[ */
/*! This file is auto-generated */
!function(d,l){"use strict";l.querySelector&&d.addEventListener&&"undefined"!=typeof URL&&(d.wp=d.wp||{},d.wp.receiveEmbedMessage||(d.wp.receiveEmbedMessage=function(e){var t=e.data;if((t||t.secret||t.message||t.value)&&!/[^a-zA-Z0-9]/.test(t.secret)){for(var s,r,n,a=l.querySelectorAll('iframe[data-secret="'+t.secret+'"]'),o=l.querySelectorAll('blockquote[data-secret="'+t.secret+'"]'),c=new RegExp("^https?:$","i"),i=0;i<o.length;i++)o[i].style.display="none";for(i=0;i<a.length;i++)s=a[i],e.source===s.contentWindow&&(s.removeAttribute("style"),"height"===t.message?(1e3<(r=parseInt(t.value,10))?r=1e3:~~r<200&&(r=200),s.height=r):"link"===t.message&&(r=new URL(s.getAttribute("src")),n=new URL(t.value),c.test(n.protocol))&&n.host===r.host&&l.activeElement===s&&(d.top.location.href=t.value))}},d.addEventListener("message",d.wp.receiveEmbedMessage,!1),l.addEventListener("DOMContentLoaded",function(){for(var e,t,s=l.querySelectorAll("iframe.wp-embedded-content"),r=0;r<s.length;r++)(t=(e=s[r]).getAttribute("data-secret"))||(t=Math.random().toString(36).substring(2,12),e.src+="#?secret="+t,e.setAttribute("data-secret",t)),e.contentWindow.postMessage({message:"ready",secret:t},"*")},!1)))}(window,document);
/* ]]> */
</script>

Les 9 organisations syndicales de retraité(e)s ont pris connaissance de la décision du gouvernement de ne pas revaloriser au 1er janvier 2025 les retraites de base, comme le code de la Sécurité sociale l’y oblige, et de la reporter au 1er juillet 2025, sans aucune garantie qu’elle aura lieu, tant les pressions se multiplient pour [&hellip;]
