{"version":"1.0","provider_name":"TEFE","provider_url":"https:\/\/www.snutefifsu.fr\/tefe","author_name":"TEFE","author_url":"https:\/\/www.snutefifsu.fr\/tefe","title":"Non au projet de loi El Khomri - TEFE","type":"rich","width":600,"height":338,"html":"<blockquote class=\"wp-embedded-content\" data-secret=\"VTAVbfgvV2\"><a href=\"https:\/\/www.snutefifsu.fr\/tefe\/non-au-projet-de-loi-el-khomri\/\">Non au projet de loi El Khomri<\/a><\/blockquote><iframe sandbox=\"allow-scripts\" security=\"restricted\" src=\"https:\/\/www.snutefifsu.fr\/tefe\/non-au-projet-de-loi-el-khomri\/embed\/#?secret=VTAVbfgvV2\" width=\"600\" height=\"338\" title=\"\u00ab\u00a0Non au projet de loi El Khomri\u00a0\u00bb &#8212; TEFE\" data-secret=\"VTAVbfgvV2\" frameborder=\"0\" marginwidth=\"0\" marginheight=\"0\" scrolling=\"no\" class=\"wp-embedded-content\"><\/iframe><script type=\"text\/javascript\">\n\/* <![CDATA[ *\/\n\/*! This file is auto-generated *\/\n!function(d,l){\"use strict\";l.querySelector&&d.addEventListener&&\"undefined\"!=typeof URL&&(d.wp=d.wp||{},d.wp.receiveEmbedMessage||(d.wp.receiveEmbedMessage=function(e){var t=e.data;if((t||t.secret||t.message||t.value)&&!\/[^a-zA-Z0-9]\/.test(t.secret)){for(var s,r,n,a=l.querySelectorAll('iframe[data-secret=\"'+t.secret+'\"]'),o=l.querySelectorAll('blockquote[data-secret=\"'+t.secret+'\"]'),c=new RegExp(\"^https?:$\",\"i\"),i=0;i<o.length;i++)o[i].style.display=\"none\";for(i=0;i<a.length;i++)s=a[i],e.source===s.contentWindow&&(s.removeAttribute(\"style\"),\"height\"===t.message?(1e3<(r=parseInt(t.value,10))?r=1e3:~~r<200&&(r=200),s.height=r):\"link\"===t.message&&(r=new URL(s.getAttribute(\"src\")),n=new URL(t.value),c.test(n.protocol))&&n.host===r.host&&l.activeElement===s&&(d.top.location.href=t.value))}},d.addEventListener(\"message\",d.wp.receiveEmbedMessage,!1),l.addEventListener(\"DOMContentLoaded\",function(){for(var e,t,s=l.querySelectorAll(\"iframe.wp-embedded-content\"),r=0;r<s.length;r++)(t=(e=s[r]).getAttribute(\"data-secret\"))||(t=Math.random().toString(36).substring(2,12),e.src+=\"#?secret=\"+t,e.setAttribute(\"data-secret\",t)),e.contentWindow.postMessage({message:\"ready\",secret:t},\"*\")},!1)))}(window,document);\n\/* ]]> *\/\n<\/script>\n","thumbnail_url":"https:\/\/www.snutefifsu.fr\/tefe\/wp-content\/uploads\/sites\/2\/2015\/03\/snu_tefe_fsu.png","thumbnail_width":425,"thumbnail_height":425,"description":"\u00ab\u00a0Un recul Hallucinant\u00a0! Cap sur le 19\u00e8me si\u00e8cle\u00a0! Un si\u00e8cle et demi de luttes pi\u00e9tin\u00e9\u00a0!\u00a0\u00bb Ces phrases tournent en boucle dans nos t\u00eates. Au-del\u00e0 de la col\u00e8re, du sentiment de trahison par un gouvernement \u00ab\u00a0de gauche\u00a0\u00bb au service exclusif du patronat, il faut regarder froidement ce qui structure le projet de \u00ab\u00a0loi travail\u00a0\u00bb et son [&hellip;]"}

« Un recul Hallucinant ! Cap sur le 19ème siècle ! Un siècle et demi de luttes piétiné ! » Ces phrases tournent en boucle dans nos têtes. Au-delà de la colère, du sentiment de trahison par un gouvernement « de gauche » au service exclusif du patronat, il faut regarder froidement ce qui structure le projet de « loi travail » et son [&hellip;]
